se
Is 99 a factor of 5 + (0 - -2045 - -11)?
False
Suppose 7*r - 5*r + 96 = 0. Let c = 138 + r. Is 15 a factor of c?
True
Let m(p) = -8*p - 44. Does 2 divide m(-12)?
True
Let a be 3 + (-2 - -2) - 791. Let z = 542 + a. Does 20 divide z/(-4) - 6/(-4)?
False
Let b be -1 - 0 - (2 + 2). Is 2*b/(-10) - -73 a multiple of 24?
False
Suppose 23*b - 25679 = -7877. Does 18 divide b?
True
Suppose 0 = 3*r + r - 3*z - 294, 4*r = z + 290. Suppose -191 + r = -o. Is o a multiple of 19?
False
Let u = -4 + -1. Let d = u + 1. Is 4 a factor of ((-54)/(-15))/(d/(-10))?
False
Let l = -10 - -4. Is (0 - 90)/(l/4) a multiple of 10?
True
Let o be 2/(1 + 450/(-453)). Suppose -864 = -4*a - u - o, -4*u + 148 = a. Does 7 divide a?
True
Does 18 divide ((-3696)/(-6))/((-6)/(-3))?
False
Let r(t) = -t**2 + 1. Let f(p) = -5*p**2 + 6*p + 18. Let x(d) = f(d) - 6*r(d). Let z be x(-11). Let o = -22 + z. Does 15 divide o?
True
Suppose 3*q = 15, t + 0*t = -4*q + 407. Does 8 divide t?
False
Suppose o + 3*p - 8*p + 11 = 0, -p = 3*o + 1. Does 7 divide 10*o*(-135)/18?
False
Let t = 15 + -8. Let x = -4 + t. Suppose 0 = 3*z - x - 54. Does 10 divide z?
False
Let o be (-13 - -12)/((-1)/89). Let w = o + -49. Does 3 divide w?
False
Let w = 10 + -8. Suppose -72 = -w*i - 0*i. Is 6 a factor of i?
True
Let s be 4*2/(3 - 1). Let x be s - 2 - (-28)/2. Let z = 0 + x. Is 16 a factor of z?
True
Let u(a) = a**3 - 4*a**2 + 3*a + 1. Let l be u(4). Let x = l + -11. Suppose -4*r + 56 = 5*w - 50, -28 = -x*w + 2*r. Is w a multiple of 9?
True
Let u(c) = c**3 - 7*c**2 - 9*c + 6. Let k be u(8). Is ((-4)/6)/(k/51) a multiple of 3?
False
Let q = -222 - -261. Let u = 5 + -2. Suppose -u*j + q = -114. Is j a multiple of 12?
False
Let k = 37 + -26. Let h = k - -4. Suppose -5*y + h = 0, 3*t = 7*t + 3*y - 93. Does 21 divide t?
True
Suppose 1 = -2*c + 5. Suppose a + 93 = c*a. Suppose a = 6*z - 3*z. Does 21 divide z?
False
Suppose j = -3*k - 5, 4*k - j + 0*j = -9. Let w be (9/k)/((-12)/96). Suppose -4*c + 10*c = w. Does 4 divide c?
False
Let y = 577 + -115. Is 42 a factor of y?
True
Let t(h) = -h**3 + 14*h**2 + 22*h - 12. Is 7 a factor of t(9)?
False
Suppose -2*w + 7*w - 155 = 0. Let g = w - 7. Is 12 a factor of (0 - -3)/(4/g)?
False
Let q(d) = -7 + 6*d - 10 + 3*d**2 + d**2. Is q(-6) a multiple of 13?
True
Suppose 2*x + 55 = 143. Suppose -5*v + x = -66. Is (-16)/(v/8 + -3) a multiple of 16?
True
Is (-814)/(-6) - (-5)/15 a multiple of 5?
False
Suppose -5*b + 28 = -3*f, -2*f + 3 = -3*b + 4*b. Suppose 0 = 2*k + b*r - 315, r = -k + 3*r + 153. Is 16 a factor of k?
False
Let b be (44/(-110))/(1*(-1)/5). Suppose -2*r - 9 = r, 2*r = -b*x + 86. Does 17 divide x?
False
Suppose -7*f + 12 = -2. Suppose -44 = f*b - 3*b + i, 0 = -3*i - 6. Is b a multiple of 6?
True
Let c be ((-1150)/125)/(2/5). Let w(x) = 2*x**2 + 11*x + 10. Let a be w(-7). Let v = c + a. Is 4 a factor of v?
True
Let t = -774 - -2402. Is 22 a factor of t?
True
Let y(q) = q - 16. Let u be y(17). Let j be (u + 3)/(3/42). Suppose 2*f + 64 = k - 0, -2*f = k - j. Is k a multiple of 13?
False
Suppose -4*k = 8, 0 = -3*r - 5*k - 229 + 1311. Does 13 divide r?
True
Does 57 divide -10*11/55 - 412*-3?
False
Suppose -24 = 9*d - 11*d. Suppose -d*y = -11*y - 16. Does 10 divide y?
False
Let s(q) = 39*q**2 + 41*q - 134. Is s(7) a multiple of 38?
False
Let q(a) = 13*a**2 - 87*a - 10. Is 4 a factor of q(9)?
True
Let q be 2/(-3) + 20/30. Let o(t) = -5*t**3 - 4*t**2 + t. Let a be o(-3). Suppose 4*y + 0*y - a = q. Is 13 a factor of y?
False
Suppose -4*q - v = 165, v + 342 - 137 = -5*q. Let s = q - -89. Is s a multiple of 23?
False
Is ((-945)/180)/((-18)/8 - -2) even?
False
Let m(c) = 19*c - 123. Does 11 divide m(18)?
False
Let y(r) = 2*r**2 - 4*r - 5. Let o be y(4). Let z(d) = -9*d - 131. Let l be z(-14). Let c = o + l. Is 4 a factor of c?
False
Let p(i) = -5*i - 68. Let y be p(-13). Let z(j) be the second derivative of j**4/2 - j. Does 9 divide z(y)?
True
Let r(k) = k**2 - 9*k - 14. Is r(-7) a multiple of 14?
True
Let h be (5 - 7)*57/(-2). Let n = -5 + 10. Suppose -n*b + h + 113 = 0. Does 17 divide b?
True
Let l be ((6*3)/3)/(-2). Let h(q) = -17*q + 1. Let f be h(l). Suppose -f - 28 = -5*c. Is 8 a factor of c?
True
Let o be ((-4)/10)/((-1)/5). Let x be 8 - (8/(-36) + 38/9). Suppose -4*b + 292 = -0*b + o*q, -x*q - 280 = -4*b. Is 16 a factor of b?
False
Suppose -6*f = -3*f. Suppose -8*p = -f*p - 720. Is p a multiple of 18?
True
Suppose -z - 2 = 0, -3*p = 2*z - 1442 - 360. Does 32 divide p?
False
Let p = -14 - -26. Let y = -9 - p. Does 17 divide (-8)/6*(0 + y)?
False
Let f be 9/(4 - -1 - 6). Let o(m) = -21*m - 46. Is 12 a factor of o(f)?
False
Let k(u) = 9*u + 7. Let y be k(-5). Let w = y - -50. Is w a multiple of 3?
True
Suppose 4*p - 2 = 3*p. Suppose 0 = -4*m + 2*f + 222, 4*m - 7*m - 2*f + 177 = 0. Suppose m = c + p*c. Is 4 a factor of c?
False
Suppose 10*f = 5*v + 9*f - 995, -5*v - 2*f = -995. Is v a multiple of 33?
False
Suppose -4*v + 164 = 3*g + g, 0 = -4*v + 5*g + 209. Suppose -4*s = -4*k - 288, v + 26 = s - 4*k. Is s a multiple of 8?
True
Let s(n) = 2*n**2 + 7*n - 1. Let j = 11 - 19. Let o be s(j). Suppose -2*u = -4*g - 172, -4*g = -u + g + o. Does 16 divide u?
True
Let h(u) = -u**3 - u - 153. Let m be h(0). Is 10 a factor of (-1 + m/6)*(-7 - -5)?
False
Suppose -8*l + 3 = 19. Does 3 divide ((-1)/(-3))/((1 + l)/(-12))?
False
Let u = 36 + -10. Let p = -11 + 5. Let c = u - p. Does 10 divide c?
False
Let q(v) = -v**3 + 8*v**2 + 13*v + 1. Let l = 0 - -9. Is q(l) a multiple of 37?
True
Let r = 4 - 4. Suppose -3*i - 29 = -4*z, -2*z + r = 5*i + 5. Suppose 3*t + 2*w - 12 = z, 3*w - 3 = -2*t. Does 5 divide t?
False
Let c(p) = 10*p**2 - 36*p + 164. Does 18 divide c(5)?
True
Let p(g) = 2*g**2 - 17*g - 57. Does 18 divide p(19)?
True
Let g = 19 - 17. Suppose 2*r = 5*d - 7, r + 6 = 3*d + g. Is 30 a factor of -13*(-5)/d + -3?
False
Let h(q) be the second derivative of 0*q**2 - 2*q + 0 + 19/6*q**3. Is 19 a factor of h(3)?
True
Let r = -883 + 1604. Does 82 divide r?
False
Let f(x) = -x - 14. Let t = 13 + -19. Let w be f(t). Does 12 divide (-7 - w)/((-1)/(-55))?
False
Let b be (-4349)/5 + (-2)/10. Suppose 12 = -3*j, -v - 2*j = j + 10. Is 29 a factor of b/20*v/(-3)?
True
Let f(a) = 42*a**3 - a**2 + 1. Suppose 5*t + 51 = -2*o, -5*t + 2*o - 17 = 22. Let w = t + 10. Does 17 divide f(w)?
False
Let o(h) = -h**3 + 5*h**2 - 3*h + 2. Let f be o(4). Suppose -3*k + f = 0, 3*t - 3*k = t - 62. Let q = 12 - t. Is 23 a factor of q?
False
Let v = 36 + -38. Does 27 divide ((-108)/(-8))/(1 - v/(-4))?
True
Suppose 12*j - 3*j + 9 = 0. Is 6 a factor of (-3 + (-94)/(-4))/(j/(-2))?
False
Let l be (3 + -1)/(16/32). Suppose -2*j + l = -106. Does 5 divide j?
True
Suppose -2*s + 4 + 4 = -5*r, 2*s = r + 8. Let o = -65 - -160. Suppose -w - s*w + o = 0. Does 19 divide w?
True
Let o be 4/(-6) - (-28)/6. Suppose 4*l + 5*v - 265 = -0*l, 0 = -o*l + 2*v + 230. Is 12 a factor of l?
True
Let m(j) = j**3 - 3*j**2 - 4*j - 2. Let k be m(4). Suppose -1772 = -11*d - 397. Does 25 divide 4/(-5)*d/k?
True
Let t be ((-8)/6)/(-3 - (-8)/3). Suppose -f + t = -5*z - 43, z = 3*f - 113. Does 13 divide f?
False
Suppose -23*i - 1814 = -11681. Is i a multiple of 33?
True
Let d = -1150 - -1647. Is d a multiple of 10?
False
Let u(i) be the second derivative of -4*i**3 + i**2/2 - 27*i. Is 29 a factor of u(-6)?
True
Let n be 4*6 - (-5 + 6). Suppose -n - 7 = 5*p. Is 18 a factor of p/(-21) + 729/21?
False
Let t(h) = -h + 2. Let k be t(-2). Suppose i - 5*d = -23, 0*i - 17 = k*i - 5*d. Suppose 2*s - 36 = -i*s. Is s a multiple of 9?
True
Let a = 77 - 75. Suppose a*j = j + 13. Is j a multiple of 13?
True
Let s(w) = 3*w + 2. Let o be s(1). Suppose -o*f + 26 = -4*f. Suppose 0 = 2*q + 4 - f. Does 3 divide q?
False
Suppose 4*h + 12 = -4*z - 0, 5*z = 2*h - 15. Is 3 + (-3 - h) + 61 - -3 a multiple of 14?
False
Let p = -2023 - -3155. Is p a multiple of 11?
False
Suppose 7 = d + 10. Let n = 2 - d. Suppose p = -n*p + 468. Is p a multiple of 21?
False
Let i = 3 - 0. Let k be 0 - (-1 - 6/2). Suppose u + q + k = 5*q, -i*q - 7 = -2*u. Is 4 a factor of u?
True
Let b = 5 + -3. Suppose b*s = 4 - 0. Suppose -2*u + 5*r - 300 = -7*u, -s*u + 117 = -r. Does 28 divide u?
False
Suppose -1995 = -14*t - 7*t. Is t a multiple of 5?
True
Suppose 3*w + 41 = 4*c, -3*c + 5*w - w + 29 = 0. Suppos